44
What is the remainder when 25816 is divided by 143?
76
Calculate the remainder when 3112 is divided by 49.
25
What is the remainder when 6064 is divided by 37?
33
What is the remainder when 1583 is divided by 228?
215
What is the remainder when 3691 is divided by 898?
99
What is the remainder when 1194 is divided by 537?
120
Calculate the remainder when 48815 is divided by 674.
287
Calculate the remainder when 2771 is divided by 677.
63
What is the remainder when 128339 is divided by 515?
104
Calculate the remainder when 3099 is divided by 47.
44
Calculate the remainder when 226937 is divided by 501.
485
What is the remainder when 87118 is divided by 66?
64
Calculate the remainder when 37322 is divided by 9.
8
What is the remainder when 222622 is divided by 1649?
7
What is the remainder when 22775 is divided by 271?
11
What is the remainder when 55858 is divided by 245?
243
Calculate the remainder when 2353 is divided by 2346.
7
Calculate the remainder when 2740 is divided by 2681.
59
Calculate the remainder when 419227 is divided by 139735.
22
Calculate the remainder when 906 is divided by 209.
70
What is the remainder when 4963 is divided by 176?
35
What is the remainder when 65556 is divided by 21849?
9
Calculate the remainder when 1719 is divided by 396.
135
What is the remainder when 6640 is divided by 596?
84
What is the remainder when 874 is divided by 191?
110
Calculate the remainder when 29919 is divided by 9962.
33
Calculate the remainder when 521133 is divided by 112.
109
Calculate the remainder when 252742 is divided by 42122.
10
Calculate the remainder when 3319139 is divided by 235.
234
Calculate the remainder when 20891 is divided by 696.
11
Calculate the remainder when 187951 is divided by 129.
127
What is the remainder when 1933006 is divided by 28?
26
Calculate the remainder when 20067 is divided by 28.
19
What is the remainder when 50266 is divided by 5026?
6
Calculate the remainder when 4343 is divided by 4.
3
Calculate the remainder when 3297 is divided by 964.
405
Calculate the remainder when 4945 is divided by 99.
94
What is the remainder when 6731 is divided by 580?
351
What is the remainder when 2001 is divided by 541?
378
Calculate the remainder when 50581 is divided by 124.
113
What is the remainder when 2680 is divided by 1314?
52
Calculate the remainder when 8435495 is divided by 24.
23
What is the remainder when 47183 is divided by 32?
15
What is the remainder when 3911 is divided by 203?
54
What is the remainder when 24467 is divided by 5?
2
What is the remainder when 251167 is divided by 35879?
14
What is the remainder when 16102 is divided by 2284?
114
What is the remainder when 21836 is divided by 413?
360
Calculate the remainder when 56020 is divided by 18669.
13
Calculate the remainder when 159948 is divided by 85.
63
Calculate the remainder when 12984 is divided by 998.
10
What is the remainder when 33812 is divided by 11266?
14
What is the remainder when 105063 is divided by 1030?
3
Calculate the remainder when 71278 is divided by 283.
245
Calculate the remainder when 14009 is divided by 93.
59
What is the remainder when 20282 is divided by 6659?
305
What is the remainder when 46230 is divided by 3556?
2
What is the remainder when 17927 is divided by 1671?
1217
Calculate the remainder when 3300 is divided by 776.
196
What is the remainder when 3057 is divided by 1446?
165
Calculate the remainder when 12873 is divided by 184.
177
What is the remainder when 24077 is divided by 53?
15
What is the remainder when 21900 is divided by 21880?
20
Calculate the remainder when 5618 is divided by 148.
142
What is the remainder when 213989 is divided by 59?
55
What is the remainder when 42024 is divided by 7002?
12
What is the remainder when 6116 is divided by 132?
44
Calculate the remainder when 9916 is divided by 1100.
16
Calculate the remainder when 108334 is divided by 183.
181
Calculate the remainder when 31401 is divided by 15691.
19
Calculate the remainder when 2784 is divided by 2657.
127
What is the remainder when 1313697 is divided by 38?
37
Calculate the remainder when 2553 is divided by 2122.
431
What is the remainder when 14158 is divided by 4705?
43
What is the remainder when 758093 is divided by 42?
35
Calculate the remainder when 11333 is divided by 453.
8
Calculate the remainder when 482119 is divided by 18.
7
What is the remainder when 1079 is divided by 206?
49
Calculate the remainder when 2205 is divided by 662.
219
Calculate the remainder when 197438 is divided by 8.
6
Calculate the remainder when 5449 is divided by 507.
379
Calculate the remainder when 619581 is divided by 448.
445
What is the remainder when 24588 is divided by 53?
49
What is the remainder when 2288 is divided by 147?
83
Calculate the remainder when 10887359 is divided by 120.
119
Calculate the remainder when 139236 is divided by 57.
42
What is the remainder when 191 is divided by 33?
26
Calculate the remainder when 757499 is divided by 500.
499
Calculate the remainder when 1145 is divided by 565.
15
What is the remainder when 53299 is divided by 1025?
1024
What is the remainder when 15701 is divided by 14?
7
What is the remainder when 246681 is divided by 61?
58
What is the remainder when 1506 is divided by 244?
42
Calculate the remainder when 70197 is divided by 936.
933
Calculate the remainder when 529 is divided by 14.
11
What is the remainder when 10956 is divided by 644?
8
What is the remainder when 773 is divided by 27?
17
Calculate the remainder when 2038 is divided by 335.
28
What is the remainder when 50812 is divided by 3907?
21
What is the remainder when 86475 is divided by 72?
3
Calculate the remainder when 9171935 is divided by 24.
23
Calculate the remainder when 53995 is divided by 333.
49
What is the remainder when 10115 is divided by 109?
87
Calculate the remainder when 56330 is divided by 14075.
30
Calculate the remainder when 3855 is divided by 317.
51
Calculate the remainder when 1588 is divided by 69.
1
What is the remainder when 18918 is divided by 220?
218
What is the remainder when 12386 is divided by 4066?
188
Calculate the remainder when 24659 is divided by 155.
14
Calculate the remainder when 7395 is divided by 134.
25
What is the remainder when 104451 is divided by 308?
39
What is the remainder when 163420 is divided by 874?
856
What is the remainder when 230066 is divided by 105?
11
Calculate the remainder when 47994 is divided by 29.
28
Calculate the remainder when 41083 is divided by 83.
81
Calculate the remainder when 1114064 is divided by 19.
18
What is the remainder when 120829 is divided by 281?
280
What is the remainder when 703049 is divided by 86?
85
What is the remainder when 209564 is divided by 15?
14
Calculate the remainder when 38615 is divided by 13.
5
Calculate the remainder when 533940 is divided by 50.
40
Calculate the remainder when 16973 is divided by 37.
27
Calculate the remainder when 188867 is divided by 1098.
11
What is the remainder when 1046 is divided by 105?
101
What is the remainder when 282141 is divided by 89?
11
What is the remainder when 1593 is divided by 76?
73
Calculate the remainder when 650305 is divided by 216768.
1
Calculate the remainder when 48162 is divided by 12.
6
Calculate the remainder when 329686 is divided by 482.
480
Calculate the remainder when 24066 is divided by 5.
1
What is the remainder when 21359 is divided by 80?
79
What is the remainder when 11464 is divided by 78?
76
What is the remainder when 28208 is divided by 13945?
318
What is the remainder when 2838 is divided by 2663?
175
What is the remainder when 10491 is divided by 3492?
15
Calculate the remainder when 1366 is divided by 1099.
267
What is the remainder when 8963 is divided by 1492?
11
Calculate the remainder when 456734 is divided by 14.
12
Calculate the remainder when 63899 is divided by 3041.
38
Calculate the remainder when 1240 is divided by 204.
16
Calculate the remainder when 266 is divided by 256.
10
What is the remainder when 241 is divided by 192?
49
What is the remainder when 18134 is divided by 18125?
9
Calculate the remainder when 862573 is divided by 638.
635
Calculate the remainder when 3948 is divided by 1298.
54
Calculate the remainder when 18989 is divided by 3